- 5*w - 25. What is p(4)?
31
Suppose -13 + 363 = 50*y. Let k(u) = u**3 - 7*u**2 - u - 2. Determine k(y).
-9
Suppose 0 = 2*q - 10, w - 2*q + 2 = 5*w. Let y(z) = -5*z - 7. Let s be y(w). Let c(r) = -r + 1. Calculate c(s).
-2
Let p(u) = -u**3 + 7*u**2 - 5*u - 10 + 12 + 4. Determine p(5).
31
Let l(r) = -r**3 - 3*r**2 + r. Let v(w) be the second derivative of 11*w + 1/12*w**4 - w**3 + 1/2*w**2 + 0. Let u be v(5). What is l(u)?
12
Let q(d) = -d + 0 + 8 - 6*d. Let f(s) be the second derivative of 5*s**3/2 - 17*s**2/2 + 54*s. Let v(l) = 4*f(l) + 9*q(l). Determine v(5).
-11
Let o = -27 - -14. Let w = o - -15. Let c(v) = 2*v**3 + v**2 + 3*v**2 + 0*v**2 - 2 + w*v. Calculate c(-2).
-6
Let z(k) = 11*k**2 - 5*k + 6. Let w(f) = 5*f**2 - 2*f + 3. Let x(m) = -9*w(m) + 4*z(m). What is x(-2)?
-3
Let c(v) = -3*v + 6. Let o(z) = -6*z + 9. Let j(h) = 5*c(h) - 3*o(h). Let f(x) = -x**3 - 6*x**2 + x. Let t be f(-6). Determine j(t).
-15
Let v be (10/(-4) + -1)*-4. Let f(u) = 8 + 25*u - v*u - 12*u. Let b be (-38)/(-6) - (-1)/(-3). Give f(b).
2
Let r be 0 + -1 - (10 - 2). Let y be (2 - -1)*(-6)/r. Let k(i) = -3 - 4 + i + y - 9. Calculate k(0).
-14
Let h(y) = -2*y**2 - 29*y - 117. Let c be h(-6). Let j(l) = -l**3 - 14*l**2 + 13*l - 20. Calculate j(c).
10
Let s(f) = -10*f + 5. Let w(m) = 5*m - 2. Let h(u) = -3*s(u) - 7*w(u). Let q = 5684 + -5686. Determine h(q).
9
Let o(s) = -s**3 + s + 1. Let t be o(0). Let z be 6/(-4)*(t + (-4)/(-12)). Let x(w) = w**2 + 1. Give x(z).
5
Let u(c) = c**3 - 5*c**2 - 6*c + 5. Let y(f) = -f**3 - 8*f**2 - 2*f - 14. Let t be y(-8). Suppose 4*m - 39 = t*q - 7*q, -5*m + 5*q + 15 = 0. Calculate u(m).
5
Let t = -22 + 16. Let b(u) = 6*u**2 - 9 - 14*u**2 - 14*u + 11*u**2. Let s(k) = -k**2 + 7*k + 5. Let r(d) = -2*b(d) - 5*s(d). Give r(t).
-1
Let b(y) = -y - 7. Let z = -2051 + 2043. Calculate b(z).
1
Suppose -k + 119*u - 10 = 124*u, -2*k = 3*u + 6. Let q(v) = -v. Let s be q(-4). Let f(h) = -3*h**2 + 2 + 4*h**2 - s. Calculate f(k).
-2
Let h(n) = n**3 - 4*n**2 - 5. Let s be -4*(-14)/8*8/14. Calculate h(s).
-5
Let o(j) = j**2 - 3*j - 2. Let c = -68 + 78. Let p be ((-8)/c)/(1/(-5)). Determine o(p).
2
Let y(v) = -v**2 + 2*v + 9. Suppose 32*c + 360 = 77*c. Determine y(c).
-39
Let v(j) = 2*j - 4. Suppose -2*o + b + 22 = -54, 3*o - 119 = 4*b. Suppose 4*l = 1 - o. Let t(s) = -s**2 - 9*s + 5. Let w be t(l). Calculate v(w).
6
Let n(k) be the third derivative of -k**6/120 + 2*k**5/15 - 11*k**4/24 - 7*k**3/6 - 288*k**2. Determine n(6).
-1
Suppose -11 = -2*l + 3*z, 3 = -5*z - 2. Let o(w) = -w**2 + l*w**2 + 0*w**2 - 20*w + 16*w. Let b(i) = i. Let g(v) = -3*b(v) - o(v). Calculate g(-2).
-14
Let o(n) = 3*n + 2 + 0 + n**2 - 9. Let h(k) = -k**2 + 37*k + 465. Let i be h(47). What is o(i)?
3
Let z(c) = -c + 4. Let a = 326 - 323. Determine z(a).
1
Let b(j) be the third derivative of -j**6/120 + j**5/10 + 7*j**4/24 - j**3/6 - 46*j**2. What is b(7)?
-1
Suppose 0 = -0*q - 2*q - 16. Let h(s) be the third derivative of -s**6/120 - 3*s**5/20 - 5*s**4/12 - 2*s**3 - s**2 + 27. Determine h(q).
4
Let r be (-2)/(-1) - (2 - 5). Let w(n) = -n - 1. Let t be 4 - 5 - 6/(-2). Let o(l) = 3*l + 1. Let p(c) = t*o(c) + 5*w(c). Give p(r).
2
Suppose -1 = -7*g + 55. Let f(t) = -t + 11. What is f(g)?
3
Let o(w) = w**2 + w + 5. Let a(l) = l**3 - 15*l**2 + 5*l + 14. Let x be a(14). Let q = x - -112. Determine o(q).
5
Let j(r) = -r - 6. Let v(l) = l**3 + 25*l**2 + 100*l + 7. Let z be v(-20). Calculate j(z).
-13
Suppose 0 = -f + 2, -10 = -5*o + 9*o - 3*f. Let j(n) = -7*n**2 + 2*n - 2. Let v(p) = -1. Let z(l) = j(l) - 3*v(l). Give z(o).
-8
Suppose 5*v + 12 = 2*c, 0 = 5*c + 2*v - v - 30. Let z(j) = 4 - c + j + 0*j + 0. Determine z(2).
0
Let o(x) = 1. Let c(h) = -h + 10. Let m(f) = c(f) - 6*o(f). Let l be -39*2*5/30. Let i(v) = v**2 + 14*v + 13. Let k be i(l). Determine m(k).
4
Let n be (-3 - (-6 + 5)) + (-1 - -2). Let w(l) = -2*l - 16. Let c(j) = 2. Let k(o) = n*w(o) - 10*c(o). Calculate k(8).
12
Let k(t) = -t**3 + t**2. Let d(b) = -b - 16. Let q(s) = -s**3 + 20*s**2 + 19*s + 26. Let g be q(21). Let v be d(g). Calculate k(v).
0
Let z(b) = -20*b + 26. Let k(h) = -6*h + 10. Let i(u) = -14*k(u) + 4*z(u). Calculate i(10).
4
Let z(f) = -f - 16. Let d(s) = -s - 13. Let x(t) = 5*d(t) - 4*z(t). Determine x(5).
-6
Suppose 4*h + 14*w - 17*w = 28, -h + w = -8. Let d(z) = -z**3 + 5*z**2 - 5*z + 2. Determine d(h).
-2
Suppose -v = -0 - 2. Let t(h) = 7*h**2 + 5*h - 6*h**v - 4 + 3. Let b be -1 + (-6)/(0 - -2). Give t(b).
-5
Let q = -80 - -89. Let m(u) be the first derivative of -u**3/6 + 5*u**2/2 - 5*u + 5. Let d(w) be the first derivative of m(w). Give d(q).
-4
Let m(u) be the third derivative of -7*u**4/24 - 7*u**3/6 - u**2 + 167. Calculate m(-2).
7
Let g(s) = 157 - 306 - 2*s**2 - 8*s + 144 + s**2. Give g(-8).
-5
Let t(y) = -1. Let n(z) be the second derivative of -z**2 - 5*z. Let r(q) = -6*n(q) + 13*t(q). Let g(f) = -f + 10. Let v(b) = -g(b) - 2*r(b). What is v(5)?
-3
Let s(u) be the third derivative of u**5/60 + u**4/24 + 7*u**3/6 + 50*u**2 + u. Determine s(0).
7
Let s(y) = -y**3 + y**2 + y. Let a = -37 - -36. Let h(z) = 7*z**3 - 9*z**2 - 9*z - 3. Let b(q) = a*h(q) - 6*s(q). Determine b(4).
-1
Suppose -r + 2 = -28. Let d = r + -29. Let b(n) = -6*n**2 - 3*n**3 + 1 + 2*n**3 - 5 - d - 6*n. What is b(-4)?
-13
Let w(y) be the second derivative of -y**6/24 + y**5/60 + y**4/12 + y**3/6 - 5*y**2/2 + 31*y. Let k(m) be the first derivative of w(m). Calculate k(-1).
5
Let z(y) = 11*y + 2. Let j be z(2). Suppose -2*c + p = 6*p - j, -12 = -3*p. Let o(r) = c*r + 3 - 3. What is o(1)?
2
Let v(j) = j**3 - j**2 - 24. Let i(m) = -m**2 - 35*m - 66. Let y be i(-33). Give v(y).
-24
Let t be (15 - 8)*6/14. Let b(p) = p**2 + 3. Give b(t).
12
Let m(b) = 3*b**2 + 13*b - 8. Let a(p) be the third derivative of p**5/60 + p**4/24 - p**3/6 - 11*p**2. Let j(l) = -4*a(l) + m(l). Determine j(6).
14
Let t(r) = r**3 - 6*r**2 - r + 5. Suppose -2*c + 4 = 3*p, 4*p - 3*c - 9 = 2. Suppose p*q + 6 = 3*q. Give t(q).
-1
Suppose -4*q + 8 + 0 = 0. Suppose 5*h = 12*h - 21. Suppose h*s - 2*j = q*s - 1, -2*s = -5*j + 2. Let o(u) = 7*u**3 + u**2 - u - 1. Give o(s).
-6
Let t(j) be the first derivative of -j**3/3 + 3*j**2/2 + 4*j + 275. Calculate t(5).
-6
Let t(r) = r**3 + 13 - 8 - 3*r**2 - r - 3*r. Let h be t(4). Suppose -h*p + 7*p = 0. Let z(v) = v**3 + 3. Give z(p).
3
Let l(t) = t - 15. Let n be l(10). Let g be 0 - 12/4 - n. Let s(f) = 6 - 5*f**2 + 5*f**g + f**2 - 7*f. Give s(5).
-4
Let y = 7 - 7. Let x = y + 2. Let u(n) = 2*n - 3*n**2 + n**2 + n. What is u(x)?
-2
Suppose -45*z + 2 = -43*z. Suppose j = -2 - z. Let t(d) = -d**3 - 4*d**2 - 3*d - 2. Determine t(j).
-2
Let a(b) = -2*b. Let s(r) = 2*r - 8. Let d(g) = 4*a(g) + s(g). Calculate d(-1).
-2
Let t(l) = -3*l - 5. Let a(p) = 3*p - 2. Let d(y) = 4*y - 3. Let b(h) = -7*a(h) + 5*d(h). Let n(j) = 4*b(j) - t(j). Let v be -2*9/(-6)*1. What is n(v)?
-2
Suppose 0 = -m + 12. Suppose h + 1 = 4*y - 2*h, -5*y + 10 = -2*h. Suppose 0*j = -y*j + m. Let a(z) = z**2 - 2*z - 3. What is a(j)?
0
Let p(m) = m + 4. Let d(u) = u - 1. Let x(w) = -5*d(w) - p(w). Suppose -3*g = -0*g - 30. Suppose -3*b + v + 6 = 0, -5*b - 7*v + 3*v + g = 0. Determine x(b).
-11
Let m(d) be the third derivative of d**5/10 - d**3/6 + d**2. Let u be 0 - 4 - (-10)/(-8)*(1 + -5). Give m(u).
5
Let y be 2 + 4*(-3 + (-15)/(-4)). Let m(a) = a**3 - 3*a**2 - 7*a - 1. Give m(y).
14
Let i(c) = 7*c**2 - 14*c + 3. Let o(r) = r**2 - 2*r - 1. Let v(g) = i(g) - 5*o(g). Give v(5).
38
Let g(d) = -66*d**2 - 20*d**3 + 30*d**2 - 1 + 37*d**2. Let r be (-2)/8 + 5/4. What is g(r)?
-20
Let q(i) = -i**2 + 7*i + 1. Let n = -51 - -50. Let u be -1*(-2)/n*-3. Determine q(u).
7
Let y = 65 - 62. Let x(q) be the first derivative of -5/2*q**2 + q - 2 + 5/3*q**y + 1/4*q**4. Give x(-6).
-5
Let c(p) = -2*p**2 - 8*p - 1254 + p**2 + 1257. Give c(-5).
18
Let k(j) be the second derivative of j**4/12 + 2*j**3/3 - 5*j**2/2 - 3*j. Let g(m) = 19*m - 119. Let b be g(6). Determine k(b).
0
Suppose -15*r + 10*r = -105. Let o be ((-60)/r)/((-6)/(-21)). Let l(c) = -c**3 - 11*c**2 - 11*c - 3. Determine l(o).
7
Let j(f) = 4*f**2 + 143 + 0*f + f**3 - 147 + 0*f. Let i = 24 + -35. Let y = i - -8. Give j(y).
5
Let l be (0 - (-3)/2)/((-2)/(-4)). Let d(m) = m**3 + m - 3. What is d(l)?
27
Let y(a) = -a**2 + a -